[INFO] fetching crate kodumaro-uuid-cli 1.0.4...
[INFO] checking kodumaro-uuid-cli-1.0.4 against master#e6e4f7ed1589e03bc2f6c5931c1a72e7947e8682 for beta-170-4
[INFO] extracting crate kodumaro-uuid-cli 1.0.4 into /workspace/builds/worker-4-tc2/source
[INFO] validating manifest of crates.io crate kodumaro-uuid-cli 1.0.4 on toolchain e6e4f7ed1589e03bc2f6c5931c1a72e7947e8682
[INFO] running `Command { std: CARGO_HOME="/workspace/cargo-home" RUSTUP_HOME="/workspace/rustup-home" "/workspace/cargo-home/bin/cargo" "+e6e4f7ed1589e03bc2f6c5931c1a72e7947e8682" "metadata" "--manifest-path" "Cargo.toml" "--no-deps", kill_on_drop: false }`
[INFO] started tweaking crates.io crate kodumaro-uuid-cli 1.0.4
[INFO] finished tweaking crates.io crate kodumaro-uuid-cli 1.0.4
[INFO] tweaked toml for crates.io crate kodumaro-uuid-cli 1.0.4 written to /workspace/builds/worker-4-tc2/source/Cargo.toml
[INFO] crate crates.io crate kodumaro-uuid-cli 1.0.4 already has a lockfile, it will not be regenerated
[INFO] running `Command { std: CARGO_HOME="/workspace/cargo-home" RUSTUP_HOME="/workspace/rustup-home" "/workspace/cargo-home/bin/cargo" "+e6e4f7ed1589e03bc2f6c5931c1a72e7947e8682" "fetch" "--manifest-path" "Cargo.toml", kill_on_drop: false }`
[INFO] running `Command { std: "docker" "create" "-v" "/var/lib/crater-agent-workspace/builds/worker-4-tc2/target:/opt/rustwide/target:rw,Z" "-v" "/var/lib/crater-agent-workspace/builds/worker-4-tc2/source:/opt/rustwide/workdir:ro,Z" "-v" "/var/lib/crater-agent-workspace/cargo-home:/opt/rustwide/cargo-home:ro,Z" "-v" "/var/lib/crater-agent-workspace/rustup-home:/opt/rustwide/rustup-home:ro,Z" "-e" "SOURCE_DIR=/opt/rustwide/workdir" "-e" "CARGO_TARGET_DIR=/opt/rustwide/target" "-e" "CARGO_HOME=/opt/rustwide/cargo-home" "-e" "RUSTUP_HOME=/opt/rustwide/rustup-home" "-w" "/opt/rustwide/workdir" "-m" "1610612736" "--user" "0:0" "--network" "none" "ghcr.io/rust-lang/crates-build-env/linux@sha256:19e73879b68f455e41552ea35293514db52ea292d993f571636dbffedb77a1ee" "/opt/rustwide/cargo-home/bin/cargo" "+e6e4f7ed1589e03bc2f6c5931c1a72e7947e8682" "metadata" "--no-deps" "--format-version=1", kill_on_drop: false }`
[INFO] [stdout] 729a0f2d5109e8b0e8fa4efc38d35214d0f65a1a17d892cb9b1dba5f5c190eda
[INFO] running `Command { std: "docker" "start" "-a" "729a0f2d5109e8b0e8fa4efc38d35214d0f65a1a17d892cb9b1dba5f5c190eda", kill_on_drop: false }`
[INFO] running `Command { std: "docker" "inspect" "729a0f2d5109e8b0e8fa4efc38d35214d0f65a1a17d892cb9b1dba5f5c190eda", kill_on_drop: false }`
[INFO] running `Command { std: "docker" "rm" "-f" "729a0f2d5109e8b0e8fa4efc38d35214d0f65a1a17d892cb9b1dba5f5c190eda", kill_on_drop: false }`
[INFO] [stdout] 729a0f2d5109e8b0e8fa4efc38d35214d0f65a1a17d892cb9b1dba5f5c190eda
[INFO] running `Command { std: "docker" "create" "-v" "/var/lib/crater-agent-workspace/builds/worker-4-tc2/target:/opt/rustwide/target:rw,Z" "-v" "/var/lib/crater-agent-workspace/builds/worker-4-tc2/source:/opt/rustwide/workdir:ro,Z" "-v" "/var/lib/crater-agent-workspace/cargo-home:/opt/rustwide/cargo-home:ro,Z" "-v" "/var/lib/crater-agent-workspace/rustup-home:/opt/rustwide/rustup-home:ro,Z" "-e" "SOURCE_DIR=/opt/rustwide/workdir" "-e" "CARGO_TARGET_DIR=/opt/rustwide/target" "-e" "CARGO_INCREMENTAL=0" "-e" "RUST_BACKTRACE=full" "-e" "RUSTFLAGS=--cap-lints=forbid" "-e" "RUSTDOCFLAGS=--cap-lints=forbid" "-e" "CARGO_HOME=/opt/rustwide/cargo-home" "-e" "RUSTUP_HOME=/opt/rustwide/rustup-home" "-w" "/opt/rustwide/workdir" "-m" "1610612736" "--user" "0:0" "--network" "none" "ghcr.io/rust-lang/crates-build-env/linux@sha256:19e73879b68f455e41552ea35293514db52ea292d993f571636dbffedb77a1ee" "/opt/rustwide/cargo-home/bin/cargo" "+e6e4f7ed1589e03bc2f6c5931c1a72e7947e8682" "check" "--frozen" "--all" "--all-targets" "--message-format=json", kill_on_drop: false }`
[INFO] [stdout] bdeef900ff5973bfbd16e146bdd9d25b8c656b94c77a1d69c25d08bc7bb03f1d
[INFO] running `Command { std: "docker" "start" "-a" "bdeef900ff5973bfbd16e146bdd9d25b8c656b94c77a1d69c25d08bc7bb03f1d", kill_on_drop: false }`
[INFO] [stderr]    Compiling libc v0.2.140
[INFO] [stderr]    Compiling autocfg v1.1.0
[INFO] [stderr]    Compiling typenum v1.16.0
[INFO] [stderr]    Compiling proc-macro2 v1.0.54
[INFO] [stderr]    Compiling version_check v0.9.4
[INFO] [stderr]    Compiling quote v1.0.26
[INFO] [stderr]     Checking bitflags v1.3.2
[INFO] [stderr]    Compiling io-lifetimes v1.0.10
[INFO] [stderr]    Compiling unicode-ident v1.0.8
[INFO] [stderr]    Compiling rustix v0.37.7
[INFO] [stderr]     Checking linux-raw-sys v0.3.1
[INFO] [stderr]    Compiling generic-array v0.14.7
[INFO] [stderr]    Compiling memoffset v0.6.5
[INFO] [stderr]     Checking utf8parse v0.2.1
[INFO] [stderr]     Checking cfg-if v1.0.0
[INFO] [stderr]     Checking anstyle-parse v0.2.0
[INFO] [stderr]    Compiling atomic v0.5.1
[INFO] [stderr]     Checking anstyle-query v1.0.0
[INFO] [stderr]     Checking anstyle v1.0.0
[INFO] [stderr]     Checking colorchoice v1.0.0
[INFO] [stderr]     Checking strsim v0.10.0
[INFO] [stderr]    Compiling anyhow v1.0.70
[INFO] [stderr]    Compiling thiserror v1.0.40
[INFO] [stderr]    Compiling syn v2.0.12
[INFO] [stderr]    Compiling heck v0.4.1
[INFO] [stderr]     Checking clap_lex v0.4.1
[INFO] [stderr]     Checking once_cell v1.17.1
[INFO] [stderr]     Checking sha1_smol v1.0.0
[INFO] [stderr]     Checking getrandom v0.2.9
[INFO] [stderr]     Checking nix v0.23.2
[INFO] [stderr]     Checking crypto-common v0.1.6
[INFO] [stderr]     Checking block-buffer v0.10.4
[INFO] [stderr]     Checking digest v0.10.6
[INFO] [stderr]     Checking md-5 v0.10.5
[INFO] [stderr]     Checking uuid v1.3.2
[INFO] [stderr]     Checking is-terminal v0.4.7
[INFO] [stderr]     Checking anstream v0.3.2
[INFO] [stderr]     Checking clap_builder v4.2.7
[INFO] [stderr]    Compiling clap_derive v4.2.0
[INFO] [stderr]    Compiling thiserror-impl v1.0.40
[INFO] [stderr]     Checking mac_address v1.1.4
[INFO] [stderr]     Checking clap v4.2.7
[INFO] [stderr]     Checking kodumaro-uuid-cli v1.0.4 (/opt/rustwide/workdir)
[INFO] [stdout] error[E0599]: no function or associated item named `now_v6` found for struct `Uuid` in the current scope
[INFO] [stdout]   --> src/lib.rs:36:28
[INFO] [stdout]    |
[INFO] [stdout] 36 |     Ok(format!("{}", Uuid::now_v6(node_id)))
[INFO] [stdout]    |                            ^^^^^^
[INFO] [stdout]    |                            |
[INFO] [stdout]    |                            function or associated item not found in `Uuid`
[INFO] [stdout]    |                            help: there is an associated function with a similar name: `now_v1`
[INFO] [stdout] 
[INFO] [stdout] 
[INFO] [stdout] error[E0599]: no function or associated item named `now_v7` found for struct `Uuid` in the current scope
[INFO] [stdout]   --> src/lib.rs:40:28
[INFO] [stdout]    |
[INFO] [stdout] 40 |     Ok(format!("{}", Uuid::now_v7()))
[INFO] [stdout]    |                            ^^^^^^
[INFO] [stdout]    |                            |
[INFO] [stdout]    |                            function or associated item not found in `Uuid`
[INFO] [stdout]    |                            help: there is an associated function with a similar name: `now_v1`
[INFO] [stdout] 
[INFO] [stdout] 
[INFO] [stdout] error[E0599]: no function or associated item named `new_v8` found for struct `Uuid` in the current scope
[INFO] [stdout]   --> src/lib.rs:51:28
[INFO] [stdout]    |
[INFO] [stdout] 51 |     Ok(format!("{}", Uuid::new_v8(buf)))
[INFO] [stdout]    |                            ^^^^^^
[INFO] [stdout]    |                            |
[INFO] [stdout]    |                            function or associated item not found in `Uuid`
[INFO] [stdout]    |                            help: there is an associated function with a similar name: `new_v1`
[INFO] [stdout] 
[INFO] [stdout] 
[INFO] [stdout] error[E0599]: no function or associated item named `now_v6` found for struct `Uuid` in the current scope
[INFO] [stdout]   --> src/lib.rs:36:28
[INFO] [stdout]    |
[INFO] [stdout] 36 |     Ok(format!("{}", Uuid::now_v6(node_id)))
[INFO] [stdout]    |                            ^^^^^^
[INFO] [stdout]    |                            |
[INFO] [stdout]    |                            function or associated item not found in `Uuid`
[INFO] [stdout]    |                            help: there is an associated function with a similar name: `now_v1`
[INFO] [stdout] 
[INFO] [stdout] 
[INFO] [stdout] error[E0599]: no function or associated item named `now_v7` found for struct `Uuid` in the current scope
[INFO] [stdout]   --> src/lib.rs:40:28
[INFO] [stdout]    |
[INFO] [stdout] 40 |     Ok(format!("{}", Uuid::now_v7()))
[INFO] [stdout]    |                            ^^^^^^
[INFO] [stdout]    |                            |
[INFO] [stdout]    |                            function or associated item not found in `Uuid`
[INFO] [stdout]    |                            help: there is an associated function with a similar name: `now_v1`
[INFO] [stdout] 
[INFO] [stdout] 
[INFO] [stdout] error[E0599]: no function or associated item named `new_v8` found for struct `Uuid` in the current scope
[INFO] [stdout]   --> src/lib.rs:51:28
[INFO] [stdout]    |
[INFO] [stdout] 51 |     Ok(format!("{}", Uuid::new_v8(buf)))
[INFO] [stdout]    |                            ^^^^^^
[INFO] [stdout]    |                            |
[INFO] [stdout]    |                            function or associated item not found in `Uuid`
[INFO] [stdout]    |                            help: there is an associated function with a similar name: `new_v1`
[INFO] [stdout] 
[INFO] [stdout] 
[INFO] [stdout] error: aborting due to 3 previous errors
[INFO] [stdout] 
[INFO] [stdout] 
[INFO] [stdout] For more information about this error, try `rustc --explain E0599`.
[INFO] [stdout] 
[INFO] [stdout] error: aborting due to 3 previous errors
[INFO] [stdout] 
[INFO] [stdout] 
[INFO] [stdout] For more information about this error, try `rustc --explain E0599`.
[INFO] [stdout] 
[INFO] [stderr] error: could not compile `kodumaro-uuid-cli` (lib) due to 4 previous errors
[INFO] [stderr] warning: build failed, waiting for other jobs to finish...
[INFO] [stderr] error: could not compile `kodumaro-uuid-cli` (lib test) due to 4 previous errors
[INFO] running `Command { std: "docker" "inspect" "bdeef900ff5973bfbd16e146bdd9d25b8c656b94c77a1d69c25d08bc7bb03f1d", kill_on_drop: false }`
[INFO] running `Command { std: "docker" "rm" "-f" "bdeef900ff5973bfbd16e146bdd9d25b8c656b94c77a1d69c25d08bc7bb03f1d", kill_on_drop: false }`
[INFO] [stdout] bdeef900ff5973bfbd16e146bdd9d25b8c656b94c77a1d69c25d08bc7bb03f1d
